{"id":36,"date":"2018-12-13T17:05:18","date_gmt":"2018-12-13T17:05:18","guid":{"rendered":"http:\/\/ghita.ddns.net\/?page_id=36"},"modified":"2019-11-23T12:29:01","modified_gmt":"2019-11-23T11:29:01","slug":"joburi","status":"publish","type":"page","link":"https:\/\/www.consilierekassel.ro\/?page_id=36","title":{"rendered":"Joburi"},"content":{"rendered":"\n<p><strong>Vre\u021bi s\u0103 lucra\u021bi \u00een Germania ?<\/strong><\/p>\n\n\n\n<p>Noi&nbsp;AICI&nbsp;v\u0103 putem ajuta, cu&nbsp;informa\u021bii&nbsp;\u0219i&nbsp;consiliere profesional\u0103&nbsp;privind :<\/p>\n\n\n\n<ul><li>traducerea \u0219i recunoa\u0219terea diplomelor de absolvire \u0219i a documentelor din str\u0103in\u0103tate;<\/li><li>redactarea portofoliului de angajare \u00een limba german\u0103 ( CV \u0219i scrisoare de inten\u021bie)-;<\/li><li>coordonarea relation\u0103rii dumneavoastr\u0103 cu institu\u021biile statului german : <strong>Agentur f\u00fcr Arbeit, Finanzamt<\/strong>;<\/li><li>c\u0103utarea propriu-zis\u0103 a unui loc de munc\u0103;<\/li><li>preg\u0103tirea \u0219i prezentarea la interviurile de angajare.<\/li><\/ul>\n\n\n\n<p>\u200b<\/p>\n\n\n\n<p>Serviciile de informare&nbsp;se realizeaz\u0103 parcurg\u00e2nd urm\u0103toarele etape :<\/p>\n\n\n\n<ol><li><em>furnizarea de informa\u021bii privind locurile de munc\u0103 disponibile \u0219i sectoarele \u00een care nevoia de fort\u0103 de munc\u0103 este \u00een cre\u0219tere;<\/em><\/li><li><em>furnizarea de informa\u021bii privind condi\u021biile de lucru, salarizare, aptitudini, cerin\u021be de exercitare;<\/em><\/li><li><em>posibilitatea de calificare, recalificare \u0219i perfec\u021bionare \u00een vederea cre\u0219terii \u0219anselor de \u00eencadrare \u00een munc\u0103;<\/em><\/li><\/ol>\n\n\n\n<p>Serviciile de consiliere profesional\u0103&nbsp;presupun :<\/p>\n\n\n\n<ol><li><em>strategii de c\u0103utare a unui loc de munc\u0103;<\/em><\/li><li><em>\u00eentocmirea CV-ului \u00een limba german\u0103;<\/em><\/li><li><em>trimiterea CV-ului colaboratorilor no\u0219tri;<\/em><\/li><li><em>prezentarea la interviu.<\/em><\/li><\/ol>\n\n\n\n<p>\u200b<\/p>\n\n\n\n<p>\u200b<\/p>\n\n\n\n<p>\u200b<\/p>\n\n\n\n<p>\u200b<\/p>\n\n\n\n<p>\u200b<\/p>\n","protected":false},"excerpt":{"rendered":"<p>Vre\u021bi s\u0103 lucra\u021bi \u00een Germania ? Noi&nbsp;AICI&nbsp;v\u0103 putem ajuta, cu&nbsp;informa\u021bii&nbsp;\u0219i&nbsp;consiliere profesional\u0103&nbsp;privind : traducerea \u0219i recunoa\u0219terea diplomelor de absolvire \u0219i a documentelor din str\u0103in\u0103tate; redactarea portofoliului de angajare \u00een limba german\u0103 ( CV \u0219i scrisoare de inten\u021bie)-; coordonarea relation\u0103rii dumneavoastr\u0103 cu institu\u021biile statului german : Agentur f\u00fcr Arbeit, Finanzamt; c\u0103utarea propriu-zis\u0103 a unui loc de munc\u0103; [&hellip;]<\/p>\n","protected":false},"author":1,"featured_media":0,"parent":0,"menu_order":0,"comment_status":"closed","ping_status":"closed","template":"","meta":[],"_links":{"self":[{"href":"https:\/\/www.consilierekassel.ro\/index.php?rest_route=\/wp\/v2\/pages\/36"}],"collection":[{"href":"https:\/\/www.consilierekassel.ro\/index.php?rest_route=\/wp\/v2\/pages"}],"about":[{"href":"https:\/\/www.consilierekassel.ro\/index.php?rest_route=\/wp\/v2\/types\/page"}],"author":[{"embeddable":true,"href":"https:\/\/www.consilierekassel.ro\/index.php?rest_route=\/wp\/v2\/users\/1"}],"replies":[{"embeddable":true,"href":"https:\/\/www.consilierekassel.ro\/index.php?rest_route=%2Fwp%2Fv2%2Fcomments&post=36"}],"version-history":[{"count":7,"href":"https:\/\/www.consilierekassel.ro\/index.php?rest_route=\/wp\/v2\/pages\/36\/revisions"}],"predecessor-version":[{"id":363,"href":"https:\/\/www.consilierekassel.ro\/index.php?rest_route=\/wp\/v2\/pages\/36\/revisions\/363"}],"wp:attachment":[{"href":"https:\/\/www.consilierekassel.ro\/index.php?rest_route=%2Fwp%2Fv2%2Fmedia&parent=36"}],"curies":[{"name":"wp","href":"https:\/\/api.w.org\/{rel}","templated":true}]}}